6, what is 111035 + -2011?
105024
In base 16, what is 7b5a54 + 12?
7b5a66
In base 4, what is -20213030220 - 103?
-20213030323
In base 4, what is -111122221 - 2111?
-111130332
In base 10, what is -27 - -224955?
224928
In base 13, what is 1c8a58 - -1?
1c8a59
In base 14, what is -1 - -470367?
470366
In base 10, what is 2 + 7900874?
7900876
In base 8, what is 2 + -2331045?
-2331043
In base 15, what is -7 - 152c073?
-152c07a
In base 9, what is -8724765 + 5?
-8724760
In base 14, what is 8 + -2802c1?
-2802b7
In base 11, what is 7056 + -1993a?
-12894
In base 6, what is 5 + -1002441542?
-1002441533
In base 2, what is 1010110100 + 100110101011111?
101000000010011
In base 12, what is 93426 + 9?
93433
In base 12, what is 324b4a81 - 0?
324b4a81
In base 7, what is -40 + 12052?
12012
In base 9, what is 310551203 + 1?
310551204
In base 16, what is 1aeb37b + 30?
1aeb3ab
In base 8, what is -215507343 - 2?
-215507345
In base 9, what is 274 + 27023?
27307
In base 10, what is 4707062 - 10?
4707052
In base 15, what is -a9 - -1843?
1789
In base 2, what is 101 + -1011000110001100?
-1011000110000111
In base 3, what is 11111101022 - -101?
11111101200
In base 5, what is -14032221 + -1242?
-14034013
In base 8, what is -4030 - 3027?
-7057
In base 4, what is -20000122 - 1211?
-20001333
In base 8, what is -361425 - -72?
-361333
In base 11, what is -882803 - 70?
-882873
In base 12, what is 29 - 195ba1?
-195b74
In base 2, what is 111011101100110100001 + 1010010?
111011101100111110011
In base 14, what is c41216 + 10?
c41226
In base 10, what is 427 - -29203?
29630
In base 8, what is -1374764 + -26?
-1375012
In base 3, what is 10212220012011120100 - 10?
10212220012011120020
In base 8, what is 1 - -16460130?
16460131
In base 16, what is -3 + -1428a90?
-1428a93
In base 2, what is 1 + 100100000001110001011111?
100100000001110001100000
In base 14, what is 697d38bd + 2?
697d38c1
In base 11, what is -42a99882 + 1?
-42a99881
In base 11, what is 26425a + -1a1?
264069
In base 15, what is -91da + -3723?
-c90d
In base 8, what is -14 + -1631343?
-1631357
In base 7, what is -12003 - 11632?
-23635
In base 2, what is -11 + 100110111000110001000?
100110111000110000101
In base 6, what is -4 + 3544244?
3544240
In base 10, what is 30561 + 820?
31381
In base 12, what is 8 - -2a0918?
2a0924
In base 11, what is -35a70 + -679?
-36639
In base 8, what is 64 + 72633352?
72633436
In base 11, what is 456756 + 1?
456757
In base 2, what is -101101100100101 + -10010011010?
-101111110111111
In base 3, what is 101012002022021 + -122?
101012002021122
In base 3, what is 1021202102 + -112000?
1021020102
In base 3, what is 1100 + 11200211001101?
11200211002201
In base 13, what is -b18987 - -5?
-b18982
In base 14, what is 3d57033 - 5?
3d5702c
In base 6, what is -32244423 - 111?
-32244534
In base 14, what is -1 - -45248a9?
45248a8
In base 16, what is -2e2b414 + -2?
-2e2b416
In base 5, what is 14301413 + 443?
14302411
In base 10, what is -10333212 + -4?
-10333216
In base 4, what is 0 + 1023300122201?
1023300122201
In base 2, what is -10101000010111 - 11001010?
-10101011100001
In base 16, what is -46e088b - 1?
-46e088c
In base 8, what is -1 + -3456660?
-3456661
In base 14, what is -105828 + -14?
-10583c
In base 8, what is 1445657 + 6?
1445665
In base 16, what is -5271d7 - 5?
-5271dc
In base 13, what is -353237 + -7?
-353241
In base 16, what is 12af171 + 4?
12af175
In base 9, what is -13 + -73867?
-73881
In base 11, what is 7499 + -1a5?
72a4
In base 16, what is afb - -2663b?
27136
In base 14, what is -1 + -4b69aa?
-4b69ab
In base 14, what is 64c + -1820?
-11b2
In base 6, what is -2555025 - 1140?
-3000205
In base 4, what is -101222300 + 11301?
-101210333
In base 2, what is 100100000100100110110 - -10?
100100000100100111000
In base 5, what is 1101310 + -30340?
1020420
In base 12, what is 22 - 1312a8?
-131286
In base 11, what is -8 + -1a4621?
-1a4629
In base 10, what is 105911 + 12?
105923
In base 15, what is 3c89 - -a6a?
4804
In base 5, what is 3 - -34101143300?
34101143303
In base 8, what is -20133627 - 0?
-20133627
In base 7, what is -1063565 + 41?
-1063524
In base 9, what is -4283 - -1130?
-3153
In base 11, what is 0 + -22a399?
-22a399
In base 13, what is -1690296 + 6b?
-1690228
In base 6, what is 242013243 + 1?
242013244
In base 3, what is 20000101201001 - -21?
20000101201022
In base 7, what is -41 + 411244?
411203
In base 5, what is 1130 - 1013010?
-1011330
In base 9, what is 464778 - -41?
464830
In base 15, what is -7bb95 - 2d?
-7bbc3
In base 12, what is 2b53b4 + a?
2b5402
In base 12, what is -1906ab1 + 2?
-1906aab
In base 9, what is -31 - 4124208?
-4124240
In base 15, what is -3 - -e4c02e?
e4c02b
In base 7, what is -104226 - 23161?
-130420
In base 5, what is 22112333 + 1123?
22114011
In base 3, what is 101110202022 - -121?
101110202220
In base 11, what is -447a3 - 519?
-45211
In base 16, what is -6944 - 4ddf?
-b723
In base 5, what is 440410 + 412?
441322
In base 5, what is -2 + -211044124202?
-211044124204
In base 11, what is -aa562 + 449?
-aa114
In base 3, what is -2210122101021112 + 11?
-2210122101021101
In base 2, what is 100101001010100111000110101010 + 101?
100101001010100111000110101111
In base 2, what is 1001000101 - -101110101100101?
101111110101010
In base 12, what is 5 + -b2891797?
-b2891792
In base 15, what is -220 - ee9a?
-101ba
In base 14, what is -9131 - -6cd?
-8842
In base 2, what is -1101010010111000110101 - 1001?
-1101010010111000111110
In base 16, what is -71ec + 9b7e?
2992
In base 10, what is 178314269 + 3?
178314272
In base 16, what is 10705 - -139?
1083e
In base 5, what is 2 + -422220042?
-422220040
In base 8, what is -26160 - 113663?
-142043
In base 4, what is 101213 + -33221312?
-33120033
In base 15, what is 26 + -41bbc?
-41b96
In base 5, what is -11104121031 + 4?
-11104121022
In base 16, what is -28 + e324?
e2fc
In base 16, what is 81ccd4d - 3?
81ccd4a
In base 6, what is -125 - -4414432?
4414303
In base 9, what is 67386 + 4870?
73366
In base 10, what is 15172 - 1?
15171
In base 13, what is -329bbb + -6?
-329bc4
In base 13, what is -3c1c405 + -1?
-3c1c406
In base 13, what is -3 + 3819831?
381982b
In base 8, what is -172 + 2653424?
2653232
In base 8, what is -2 + 657573273?
657573271
In base 5, what is -324 - -2434100?
2433221
In base 7, what is -23 - 664321035?
-664321061
In base 12, what is 35365 - 27?
3533a
In base 16, what is -e10 + b8af?
aa9f
In base 9, what is 2208 + -13208?
-11000
In base 12, what is -12a0 - -220?
-1080
In base 3, what is 202002012 + -111011021?
20220221
In base 8, what is -1711432621 - 1?
-1711432622
In base 8, what is -765 - -2542?
1555
In base 7, what is 11432 + -35610?
-24145
In base 16, what is d + -18567?
-1855a
In base 6, what is -444 + -412442?
-413330
In base 5, what is -1433334402 - 2?
-1433334404
In base 13, what is 87 + 5b61?
5c18
In base 8, what is -72 + -2756174?
-2756266
In base 2, what is -100100010000001010110101001 - -1010?
-100100010000001010110011111
In base 6, what is -510112 + -53221?
-1003333
In base 5, what is 302 + -334002?
-333200
In base 16, what is 1101 + 979?
1a7a
In base 13, what is 1468a + -179?
14511
In base 6, what is -14 + -35114345?
-35114403
In base 9, what is -3 - 17551680?
-17551683
In base 14, what is 4b76d - 23?
4b74a
In base 11, what is 0 - -2241590?
2241590
In base 4, what is -3 + 2221331000311?
2221331000302
In base 3, what is 21 + 11011222020022?
11011222020120
In base 14, what is -abbc + -c58?
-ba36
In base 12, what is 561b + -2227?
33b4
In base 13, what is b3 + -c139?
-c056
In base 8, what is 14702570 + -11?
14702557
In base 6, what is -523330553 - -2?
-523330551
In base 9, what is -2051403 + -170?
-2051573
In base 16, what is -1c1c71 + -3?
-1c1c74
In base 5, what is -21003142 - -1322?
-21001320
In base 5, what is 33 + 143021403131?
143021403214
In base 13, what is 5 + -51213b?
-512136
In base 10, what is -1314 - -13344?
12030
In base 13, what is -4713c29 + 1a?
-4713c0c
In base 11, what is -79804a1 + 14?
-7980488
In base 9, what is 51 + -20762502?
-20762441
In base 6, what is -5054 + 3111544?
3102450
In base 12, what is -416 - b1?
-507
In base 2, what is -11 + 1110101110111011110?
1110101110111011011
In base 12, what is -4401 - 1357?
-5758
In base 13, what is 3 - -15c61a93?
15c61a96
In base 5, what is 243403322044 - 0?
